n 9750 is divided by 46.
44
What is the remainder when 4762 is divided by 300?
262
What is the remainder when 518847 is divided by 242?
241
Calculate the remainder when 44352 is divided by 2772.
0
What is the remainder when 97062 is divided by 29?
28
Calculate the remainder when 2927 is divided by 1188.
551
What is the remainder when 17728 is divided by 161?
18
Calculate the remainder when 25421 is divided by 52.
45
Calculate the remainder when 9612 is divided by 128.
12
What is the remainder when 4878 is divided by 537?
45
Calculate the remainder when 57421 is divided by 28619.
183
What is the remainder when 224216 is divided by 68?
20
Calculate the remainder when 7223 is divided by 425.
423
What is the remainder when 920 is divided by 245?
185
What is the remainder when 4380 is divided by 1067?
112
Calculate the remainder when 180748 is divided by 345.
313
Calculate the remainder when 241 is divided by 94.
53
Calculate the remainder when 676450 is divided by 13805.
5
What is the remainder when 1783 is divided by 95?
73
Calculate the remainder when 50619 is divided by 45.
39
What is the remainder when 1506034 is divided by 14?
12
Calculate the remainder when 4436 is divided by 1155.
971
What is the remainder when 210905 is divided by 42181?
0
Calculate the remainder when 518420 is divided by 843.
818
Calculate the remainder when 126253 is divided by 58.
45
Calculate the remainder when 1360 is divided by 227.
225
What is the remainder when 27662 is divided by 53?
49
What is the remainder when 257639 is divided by 285?
284
Calculate the remainder when 1090 is divided by 7.
5
What is the remainder when 184138 is divided by 55?
53
What is the remainder when 3581 is divided by 276?
269
Calculate the remainder when 964205 is divided by 782.
781
Calculate the remainder when 86392 is divided by 242.
240
Calculate the remainder when 3213 is divided by 40.
13
Calculate the remainder when 47592 is divided by 139.
54
Calculate the remainder when 595371 is divided by 593.
592
What is the remainder when 17023 is divided by 8222?
579
What is the remainder when 444157 is divided by 674?
665
What is the remainder when 5371 is divided by 98?
79
Calculate the remainder when 141773 is divided by 4.
1
What is the remainder when 3104 is divided by 99?
35
Calculate the remainder when 917 is divided by 30.
17
Calculate the remainder when 1045630 is divided by 56.
54
Calculate the remainder when 99034 is divided by 131.
129
Calculate the remainder when 78754 is divided by 4141.
75
Calculate the remainder when 37845 is divided by 97.
15
Calculate the remainder when 114535 is divided by 720.
55
What is the remainder when 271008 is divided by 82?
80
What is the remainder when 29010 is divided by 67?
66
What is the remainder when 3010 is divided by 18?
4
What is the remainder when 2544 is divided by 189?
87
What is the remainder when 48686 is divided by 16?
14
Calculate the remainder when 4670 is divided by 334.
328
What is the remainder when 9923 is divided by 380?
43
What is the remainder when 1024 is divided by 4?
0
Calculate the remainder when 4736 is divided by 1179.
20
What is the remainder when 9287 is divided by 3090?
17
What is the remainder when 4478 is divided by 27?
23
Calculate the remainder when 2476 is divided by 223.
23
What is the remainder when 10866 is divided by 143?
141
Calculate the remainder when 9330 is divided by 345.
15
What is the remainder when 3419 is divided by 90?
89
Calculate the remainder when 978325 is divided by 19.
15
Calculate the remainder when 1203 is divided by 575.
53
Calculate the remainder when 27524 is divided by 13759.
6
Calculate the remainder when 29931 is divided by 155.
16
Calculate the remainder when 147377 is divided by 73687.
3
Calculate the remainder when 171870 is divided by 57217.
219
Calculate the remainder when 882631 is divided by 105.
1
Calculate the remainder when 657 is divided by 420.
237
What is the remainder when 10534 is divided by 11?
7
What is the remainder when 126454 is divided by 132?
130
Calculate the remainder when 17371 is divided by 40.
11
Calculate the remainder when 43965 is divided by 32.
29
Calculate the remainder when 301444 is divided by 180.
124
What is the remainder when 7209 is divided by 93?
48
What is the remainder when 5877 is divided by 1173?
12
Calculate the remainder when 99298 is divided by 33097.
7
Calculate the remainder when 1445 is divided by 32.
5
Calculate the remainder when 56117 is divided by 1192.
93
Calculate the remainder when 2469 is divided by 1229.
11
Calculate the remainder when 1908 is divided by 1078.
830
Calculate the remainder when 33061 is divided by 424.
413
Calculate the remainder when 110213 is divided by 234.
233
Calculate the remainder when 3264 is divided by 643.
49
Calculate the remainder when 36403 is divided by 148.
143
What is the remainder when 1059 is divided by 308?
135
Calculate the remainder when 102 is divided by 14.
4
Calculate the remainder when 2218 is divided by 256.
170
What is the remainder when 477542 is divided by 213?
209
What is the remainder when 23029 is divided by 7675?
4
What is the remainder when 728 is divided by 359?
10
What is the remainder when 110399 is divided by 27?
23
Calculate the remainder when 2536 is divided by 2535.
1
Calculate the remainder when 6519 is divided by 3258.
3
Calculate the remainder when 28265 is divided by 65.
55
What is the remainder when 6654070 is divided by 12?
10
What is the remainder when 28755 is divided by 328?
219
What is the remainder when 2297 is divided by 179?
149
Calculate the remainder when 35074 is divided by 305.
304
Calculate the remainder when 13696 is divided by 118.
8
What is the remainder when 296 is divided by 259?
37
Calculate the remainder when 8331 is divided by 16.
11
Calculate the remainder when 28466 is divided by 610.
406
Calculate the remainder when 37569 is divided by 148.
125
What is the remainder when 163820 is divided by 73?
8
What is the remainder when 16433 is divided by 256?
49
Calculate the remainder when 1464 is divided by 639.
186
What is the remainder when 128672 is divided by 42890?
2
What is the remainder when 53718 is divided by 2437?
104
What is the remainder when 39141 is divided by 366?
345
What is the remainder when 3438 is divided by 352?
270
What is the remainder when 458290 is divided by 683?
680
What is the remainder when 168710 is divided by 529?
488
Calculate the remainder when 15118 is divided by 199.
193
What is the remainder when 266 is divided by 143?
123
What is the remainder when 8140 is divided by 84?
76
What is the remainder when 1135968 is divided by 110?
108
What is the remainder when 20457 is divided by 15?
12
What is the remainder when 3727 is divided by 1071?
514
What is the remainder when 28313 is divided by 354?
347
What is the remainder when 2640 is divided by 868?
36
Calculate the remainder when 1195 is divided by 13.
12
What is the remainder when 15510 is divided by 7737?
36
Calculate the remainder when 1214152 is divided by 35.
2
Calculate the remainder when 2080 is divided by 260.
0
What is the remainder when 1906 is divided by 82?
20
Calculate the remainder when 2497 is divided by 206.
25
What is the remainder when 18543 is divided by 36?
3
What is the remainder when 9166 is divided by 4342?
482
Calculate the remainder when 26011 is divided by 15.
1
Calculate the remainder when 26179 is divided by 8696.
91
What is the remainder when 1923688 is divided by 811?
807
What is the remainder when 1470389 is divided by 69?
68
What is the remainder when 7722 is divided by 7463?
259
What is the remainder when 145566 is divided by 71?
16
Calculate the remainder when 8655 is divided by 2148.
63
Calculate the remainder when 9028 is divided by 410.
8
What is the remainder when 10216 is divided by 242?
52
What is the remainder when 471546 is divided by 78591?
0
What is the remainder when 11147 is divided by 596?
419
What is the remainder when 601212 is divided by 976?
972
What is the remainder when 1747302 is divided by 19201?
11
Calculate the remainder when 918175 is divided by 39.
37
Calculate the remainder when 26890 is divided by 169.
19
What is the remainder when 42734 is divided by 132?
98
What is the remainder when 147571 is divided 